{"id":149,"date":"2014-12-30T13:14:32","date_gmt":"2014-12-30T13:14:32","guid":{"rendered":"http:\/\/stadtsportverbandsoest.de\/?page_id=149"},"modified":"2015-02-21T15:12:09","modified_gmt":"2015-02-21T15:12:09","slug":"links","status":"publish","type":"page","link":"http:\/\/stadtsportverbandsoest.de\/?page_id=149","title":{"rendered":"Links"},"content":{"rendered":"\n<p><b><i>Haftungshinweis:<\/i><\/b><i> Trotz sorgf\u00e4ltiger inhaltlicher Kontrolle \u00fcbernehmen wir keine Haftung f\u00fcr die Inhalte externer Links. F\u00fcr den Inhalt der verlinkten Seiten sind ausschlie\u00dflich deren Betreiber verantwortlich.<\/i><\/p>\n<p><a href=\"http:\/\/www.ksb-soest.de\"><span style=\"color: #3300ff;\">KreisSportBund Soest<\/span><\/a><\/p>\n<p><a href=\"http:\/\/www.wir-im-sport.de\"><span style=\"color: #3300ff;\">LandesSportBund NRW<\/span><\/a><\/p>\n<p><a href=\"http:\/\/www.deutscher-sportbund.de\"><span style=\"color: #3300ff;\">Deutscher Sportbund<\/span><\/a><\/p>\n<p><a href=\"http:\/\/www.dsj.de\"><span style=\"color: #3300ff;\">Deutsche Sportjugend<\/span><\/a><\/p>\n<p><a href=\"http:\/\/www.soest.de\"><span style=\"color: #3300ff;\">Stadt Soest<\/span><\/a><\/p>\n","protected":false},"excerpt":{"rendered":"<p>Haftungshinweis: Trotz sorgf\u00e4ltiger inhaltlicher Kontrolle \u00fcbernehmen wir keine Haftung f\u00fcr die Inhalte externer Links. F\u00fcr den Inhalt der verlinkten Seiten sind ausschlie\u00dflich deren Betreiber verantwortlich. KreisSportBund Soest LandesSportBund NRW Deutscher Sportbund Deutsche Sportjugend Stadt Soest<\/p>\n","protected":false},"author":1,"featured_media":0,"parent":0,"menu_order":0,"comment_status":"closed","ping_status":"closed","template":"","meta":{"footnotes":""},"class_list":["post-149","page","type-page","status-publish","hentry"],"_links":{"self":[{"href":"http:\/\/stadtsportverbandsoest.de\/index.php?rest_route=\/wp\/v2\/pages\/149","targetHints":{"allow":["GET"]}}],"collection":[{"href":"http:\/\/stadtsportverbandsoest.de\/index.php?rest_route=\/wp\/v2\/pages"}],"about":[{"href":"http:\/\/stadtsportverbandsoest.de\/index.php?rest_route=\/wp\/v2\/types\/page"}],"author":[{"embeddable":true,"href":"http:\/\/stadtsportverbandsoest.de\/index.php?rest_route=\/wp\/v2\/users\/1"}],"replies":[{"embeddable":true,"href":"http:\/\/stadtsportverbandsoest.de\/index.php?rest_route=%2Fwp%2Fv2%2Fcomments&post=149"}],"version-history":[{"count":3,"href":"http:\/\/stadtsportverbandsoest.de\/index.php?rest_route=\/wp\/v2\/pages\/149\/revisions"}],"predecessor-version":[{"id":154,"href":"http:\/\/stadtsportverbandsoest.de\/index.php?rest_route=\/wp\/v2\/pages\/149\/revisions\/154"}],"wp:attachment":[{"href":"http:\/\/stadtsportverbandsoest.de\/index.php?rest_route=%2Fwp%2Fv2%2Fmedia&parent=149"}],"curies":[{"name":"wp","href":"https:\/\/api.w.org\/{rel}","templated":true}]}}