{"id":26,"date":"2014-07-09T14:58:00","date_gmt":"2014-07-09T14:58:00","guid":{"rendered":"http:\/\/stadtsportverbandsoest.de\/?page_id=26"},"modified":"2026-01-12T18:20:08","modified_gmt":"2026-01-12T16:20:08","slug":"mitgliedsvereine","status":"publish","type":"page","link":"http:\/\/stadtsportverbandsoest.de\/?page_id=26","title":{"rendered":"Vereine"},"content":{"rendered":"\n<p>Der Stadtsportverband verweist auf seiner Internetseite selbstverst\u00e4ndlich auf seine Mitgliedsvereine, ausgehend von der dem Vorstand aktuell vorliegenden Liste der Vereine und der Vorsitzenden. Aus Sicherheitsgr\u00fcnden wurde bei E-Mail-Adressen der Ansprechpartner das @-Zeichen durch (at) ersetzt. Nat\u00fcrlich ist es auch m\u00f6glich, weitere Links auf Internetseiten der Vereine sowie Ansprechpartner der einzelnen Abteilungen zu nennen. Bei Interesse k\u00f6nnen diese Daten dem Stadtsportverband zugesandt werden. Im Moment finden sich einige Vereine auch unter dem Link des KreisSportBundes wieder.<\/p>\n<p><b><i>Haftungshinweis:<\/i><\/b><i> Trotz sorgf\u00e4ltiger inhaltlicher Kontrolle \u00fcbernehmen wir keine Haftung f\u00fcr die Inhalte externer Links. F\u00fcr den Inhalt der verlinkten Seiten sind ausschlie\u00dflich deren Betreiber verantwortlich.<\/i><\/p>\n<p><strong>Badminton<\/strong><br \/>\n<a href=\"http:\/\/www.soester-turn-verein.de\">Soester TV<\/a><span style=\"text-decoration: underline;\"><br \/>\n<\/span><\/p>\n<p><a href=\"https:\/\/ski-klub-soest.de\/\">Ski-Klub Soest<\/a><br \/>\n1. Vorsitzende Silke R\u00f6dig, gymnastik(at)ski-klub-soest.de<\/p>\n<p><strong>Bergsport<\/strong><br \/>\n<a href=\"http:\/\/www.dav-hochsauerland.de\/klettern\/hallentraining-klettern-im-winter\/bergsportgruppe-soest\/\">bergsportgruppe-soest<\/a><br \/>\nDAV-Sektion Hochsauerland, Thomas Hoffmann, Uhlanstra\u00dfe 1, 59519 M\u00f6hnesee<\/p>\n<p><strong>Basketball<\/strong><b><br \/>\n<\/b><a href=\"http:\/\/www.bc70-soest.de\">BC 70 Soest<\/a><br \/>\n<a href=\"https:\/\/soest-falcons.de\">Soest Falcons<\/a><br \/>\n<a href=\"https:\/\/soest-falcons.de\/kontakt\/\">kontakt<\/a><\/p>\n<p><strong>Behindertensport<br \/>\n<\/strong><i>Behinderten-Sportgemeinschaft<br \/>\n<\/i><a href=\"http:\/\/www.lazsoest.de\">LAZ Soest<\/a><br \/>\n<a href=\"http:\/\/www.koronarsport-soest.de\">Koronarsport Soest<\/a><br \/>\nGesch\u00e4ftsf\u00fchrer Werner Sch\u00fclke, Wilhelmstra\u00dfe 12, 59494 Soest, 02921\/14143<br \/>\n<a href=\"https:\/\/www.dvmb-nrw.de\/gruppen\/soest\" target=\"_blank\" rel=\"noopener\">Behindertenverein Deutsche Vereinigung Morbus Bechterew<\/a><br \/>\n<a href=\"http:\/\/www.soester-turn-verein.de\">Soester TV<\/a><\/p>\n<p><strong>Betriebssport<br \/>\n<\/strong><i>BSG Delta Energy System (vormals CEAG Soest), Klemens Justus, Coesterweg 45, 59494 Soest<br \/>\nE-Mail: klemens.justus(at)deltaww.com<br \/>\nSG Meckingsen: Thomas Horlbeck, Am Schlo\u00dfberg 30, 59494 Soest<br \/>\n<\/i><span style=\"color: #000000;\"><i>SF Rottlinde<br \/>\nBSG Polizei Soest, Frank Meiske, Am Hilgenhaus 11, 59494 Soest<br \/>\n<\/i><\/span><\/p>\n<p><strong>Billard<br \/>\n<\/strong><a href=\"http:\/\/www.pbc-soest.de\">Pool-Billard-Club Soest<\/a><br \/>\nUlrich Gro\u00dfmann (1. Vorsitzender), 59821 Arnsberg, Scheidsiepen 8<br \/>\ninfo(at)u-grossmann.de<\/p>\n<p><strong>Bogenschie\u00dfen<br \/>\n<\/strong><a href=\"http:\/\/www.cfbsoest.de\">CfB Soest<\/a><br \/>\nStefan Franke, Graf-Galen-Str. 14, 59755 Arnsberg<\/p>\n<p><strong>Boxen<br \/>\n<\/strong><a href=\"http:\/\/www.bv34-soest.de\">BV 34 Soest<\/a><br \/>\nGregor Schmidt, <span style=\"color: #000000;\">Teutonenweg 13, 59519 M\u00f6hnesee,<\/span><span style=\"color: #000000;\">info(at)bv34-soest.de<\/span><\/p>\n<p><strong>Darts<\/strong><br \/>\n<a href=\"https:\/\/dsv-soest.jimdofree.com\/\">DSV Soest<\/a><br \/>\nsteffenschmieder(at)web.de, dsv-soest(at)web.de<\/p>\n<p><strong>DLRG<br \/>\n<\/strong><a href=\"http:\/\/soest.dlrg.de\">Ortsgruppe Soest<\/a><br \/>\nVorsitzender Michael Kr\u00f6ger: vorsitz(at)soest.dlrg.de<br \/>\nL\u00fcnenweg 20, 59494 Soest.<\/p>\n<p><strong>Eis-\/Wintersport<br \/>\n<\/strong><a href=\"http:\/\/www.schwarz-rot-soest.de\">Schwarz-Rot-Eisstocksch\u00fctzen<\/a><br \/>\nIngolf Zwitzers, An der Haar 24B, 59519 M\u00f6hnesee, 0175\/2012254, Zwitzers456(at)aol.com<\/p>\n<p><a href=\"http:\/\/www.esc-icebreaker.de\">ESC Soest<\/a><br \/>\n<a href=\"http:\/\/www.soester-eg.de\">Eishockey-Gemeinschaft<\/a><br \/>\ninfo(at)soester-eg.com<br \/>\n<a href=\"http:\/\/www.ski-klub-soest.de\">Ski-Club Soest<\/a><\/p>\n<div><a href=\"https:\/\/www.esv-moehnesee-soest.de\/\">Eissport- und Shorttrack-Verein M\u00f6hnesee-Soest<\/a><\/div>\n<div>Dominik H\u00f6lz<\/div>\n<div>+49 (0)174 &#8211; 916 9743<\/div>\n<div><a href=\"https:\/\/www.esv-moehnesee-soest.de\" target=\"_blank\" rel=\"noopener\">https:\/\/www.esv-moehnesee-soest.de<\/a><\/div>\n<div><a href=\"https:\/\/www.instagram.com\/esv.moehnesee_soest\">https:\/\/www.instagram.com\/esv.moehnesee_soest<\/a><\/div>\n<div><\/div>\n<div><\/div>\n<div><a href=\"http:\/\/ski-klub-soest.de\">Ski-Klub Soest<\/a><br \/>\nAlpin: Andreas Eckhoff, skifreizeiten(at)ski-klub-soest.de<br \/>\nLanglauf: Silke R\u00f6dig, gymnastik(at)ski-klub-soest.de<\/div>\n<div><\/div>\n<p><strong><br \/>\nFechten<\/strong><br \/>\n<a href=\"http:\/\/www.soester-turn-verein.de\">Soester TV<\/a><br \/>\n<a href=\"http:\/\/www.soester-fechterschaft.de\">Soester Fechterschaft<\/a><\/p>\n<p><strong>Fu\u00dfball<br \/>\n<\/strong><a href=\"http:\/\/www.tusjahnsoest.de\">TuS Jahn Soest<\/a><br \/>\nniestroj(at)tus-jahn-soest.de<br \/>\n<a href=\"http:\/\/www.sf-soest-muellingsen.de\">SF Soest-M\u00fcllingsen<\/a><br \/>\nvorstand(at)sf-soest-muellingsen.de<br \/>\n<a href=\"http:\/\/www.svw-soest.de\">Spielverein Westfalia Soest<\/a><br \/>\n<a href=\"http:\/\/www.gruen-weiss-ostoennen.de\">FBV GW Ost\u00f6nnen<\/a><br \/>\n<a href=\"http:\/\/www.tsg-soest-sued.de\">TSG Soest-S\u00fcd<\/a><span style=\"text-decoration: underline;\"><br \/>\n<\/span><i>Ay Yildiz G\u00fcc\u00fc Soest<br \/>\n<\/i><a href=\"http:\/\/www.Ampen.de\">TuS Ampen<\/a><br \/>\nHeinz-J\u00fcrgen Haverland, Werler Landstra\u00dfe 248, 59494 Soest,<br \/>\n<span style=\"color: #000000;\">E-Mail: Haverland.Ampen(at)t-online.de<\/span><\/p>\n<p><strong>Gewichtheben\/Kraftsport<br \/>\n<\/strong><a href=\"http:\/\/soester-turn-verein.de\/kraftsport\/\" target=\"_blank\" rel=\"noopener noreferrer\">Soester TV<\/a><\/p>\n<p><strong>Gymnastik<br \/>\n<\/strong><a href=\"http:\/\/www.ski-klub-soest.de\">Ski-Klub Soest<br \/>\n<\/a>1. Vorsitzende Silke R\u00f6dig, gymnastik(at)ski-klub-soest.de<\/p>\n<p><a href=\"http:\/\/www.gsc-soest.de\" target=\"_blank\" rel=\"noopener noreferrer\">Gymnastik-Sport-Club Soest<\/a>, Gisela Groll, Steinkuhlenweg 3, 59494 Soest<\/p>\n<p><strong>Handball<br \/>\n<\/strong><a href=\"http:\/\/www.soester-turn-verein.de\">Soester TV<br \/>\n<\/a><a href=\"http:\/\/www.hsg-soest.de\">HSG Soest<\/a><\/p>\n<p><strong>Hockey<br \/>\n<\/strong><a href=\"http:\/\/www.soester-hc.de\">Soester Hockey-Club<\/a><br \/>\nThomas Hinze, Kleine Osthofe 8, 59494 Soest, Mail: hinze.fam(at)gmx.de<\/p>\n<p><strong>Judo\/Kampfsport<br \/>\n<\/strong><i>Judo-Sport-Club Soest<br \/>\n<\/i><a href=\"http:\/\/www.soester-turn-verein.de\">Soester Turnverein<\/a><br \/>\n<a href=\"http:\/\/www.aikido-soest.de\">Aikido im Soester TV<\/a><br \/>\n<a href=\"http:\/\/www.stv-karate.de\">Soester TV, Abteilung Budo\/Karate<\/a><br \/>\nJudo im Soester TV<\/p>\n<p><strong>Kanu, Rudern, Paddeln<br \/>\n<\/strong><a href=\"http:\/\/www.ski-klub-soest.de\">Ski-Klub Soest<br \/>\n<\/a>Heike Flocke, h-flocke(at)gmx.de<span style=\"color: #000000;\"><br \/>\n<\/span><a href=\"http:\/\/www.soester-turn-verein.de\">Soester TV<\/a><br \/>\n<span style=\"color: #000000;\"><i>Ruderriege Archi-Gymnasium<\/i><\/span><\/p>\n<p><strong>Leichtathletik<br \/>\n<\/strong><a href=\"http:\/\/www.marathon-soest.de\">Marathon Soest<\/a><br \/>\nbernd.mues(at)marathon-soest.de<br \/>\n<a href=\"http:\/\/www.tusjahnsoest.de\">TuS Jahn Soest<\/a><br \/>\nniestro(at)tus-jahn-soest.de<br \/>\n<a href=\"http:\/\/www.lc-soester-boerde.de\">LC Soester B\u00f6rde<\/a><span style=\"text-decoration: underline;\"><br \/>\n<\/span>Heike B\u00f6hmer, <span style=\"color: #000000;\">Pommernweg 1, 59494 Soest, Vereinsemail: <\/span><a href=\"mailto:info@lc-soester-boerde.de\"><span style=\"color: #000000;\">info@lc-soester-boerde.de<\/span><\/a><span style=\"color: #000000;\"><br \/>\n<\/span><a href=\"http:\/\/www.Ampen.de\">TuS Ampen<br \/>\n<\/a>Heinz-J\u00fcrgen Haverland, Werler Landstra\u00dfe 248, 59494 Soest,<br \/>\n<span style=\"color: #000000;\">E-Mail: Haverland.Ampen(at)t-online.de<br \/>\n<\/span><a href=\"http:\/\/www.lazsoest.de\">LAZ Soest<\/a><br \/>\nSebastian Moritz, info(at)lazsoest.de<br \/>\n<a href=\"http:\/\/www.lg-deiringsen.de\">Laufgruppe Deiringsen<\/a><br \/>\n<span style=\"color: #000000;\">Dieter Schenzer, Alte Dorfstra\u00dfe 49, 59494 Soest-Deiringsen, Telefon 02921\/62769, schenzer(at)lg-deiringsen.de<\/span><\/p>\n<p><strong>Luftsport<br \/>\n<\/strong><i>Flugsportgemeinschaft Soest<br \/>\nModellflug-Sport-Club Soest<\/i><\/p>\n<p><strong>Motorsport<br \/>\n<\/strong><i>Auto- und Motorradclub Soest<br \/>\n<\/i><a href=\"http:\/\/www.msc-soester-boerde.de\/\">Motorsportclub Soester B\u00f6rde<\/a><\/p>\n<p><strong>Radsport<br \/>\n<\/strong><a href=\"http:\/\/www.hansatour.de\">RSV Hansa Soest<\/a><br \/>\nJosef Sch\u00e4fermeier, Troyesweg 11, 59494 Soest<\/p>\n<p><strong>Reiten und Fahren<br \/>\n<\/strong><a href=\"http:\/\/www.reitverein-soest.de\">RuF Soest-Bad Sassendorf<\/a><br \/>\nGesch\u00e4ftsf\u00fchrerin Ute Breulmann, 02921\/9816891 <span style=\"color: #000000;\">Ute.Breulmann(at)t-online.de<br \/>\n<\/span><a href=\"http:\/\/rv-ostoennen.wir-im-sport.de\">RuF Soest-Ost\u00f6nnen<\/a><span style=\"color: #000000;\">Werler Landstr. 301<br \/>\nAndrea Operskalski<\/span><\/p>\n<p><strong>Schach<br \/>\n<\/strong><a href=\"http:\/\/www.Schach-Soest.de\">Schachverein Soest<\/a><\/p>\n<p><strong>Sch\u00fctzen<br \/>\n<\/strong><i>B\u00fcrger Sch\u00fctzenbund Soest<br \/>\n<\/i><a href=\"http:\/\/www.sv-deiringsen.de\">Sch\u00fctzenverein Deiringsen<\/a><br \/>\nPhillip Deimann, Werler Landstr. 233, 59494 Soest<br \/>\np.deimann(at)umarex.de<\/p>\n<p><span style=\"color: #000000;\"><i>Sportsch\u00fctzenclub Soest<br \/>\nSportsch\u00fctzen Soest-Nord West<br \/>\nSch\u00fctzenverein Balksen, Katrop, Th\u00f6ningsen<br \/>\n<\/i><\/span><\/p>\n<p><strong><span style=\"color: #000000;\">Schwimmen<br \/>\n<\/span><\/strong><a href=\"http:\/\/www.wasserfreunde-soest.de\">www.wasserfreunde-soest.de<\/a><\/p>\n<p><strong><span style=\"color: #000000;\">Seniorensport<br \/>\n<\/span><\/strong><a href=\"http:\/\/www.ski-klub-soest.de\">Ski-Klub Soest<br \/>\n<\/a>Detlev Bolte, senioren(at)ski-klub-soest.de<\/p>\n<p><strong>Sozialer Sport Club Soest 09<\/strong><br \/>\nHeinrich Georg Bathen, Ingrid-Kipper-Weg 6, 59494 Soest<br \/>\nheinrichbathen(at)rocketmail.com (Gesch\u00e4ftsf\u00fchrer)<\/p>\n<p><strong>Sportfischen<br \/>\n<\/strong><i>Angelsportgruppe Soest<br \/>\nSoester Sportanglerverein<\/i><\/p>\n<p><strong>Tanzen<br \/>\n<\/strong>Ski-Klub Soest: tanzen(at)ski-klub-soest.de<\/p>\n<p><strong>Tauchen<br \/>\n<\/strong><a href=\"http:\/\/www.tauchteam-manta-soest.de\">Tauchteam Manta Soest<\/a><br \/>\n1. Vorsitzender Bernd K\u00f6hler, Ringstra\u00dfe 11, 59519 M\u00f6hnesee, Tel. 02924-2997, <a href=\"mailto:vorstand@manta-soest.de\"><span style=\"color: #0000ff;\">vorstand(at)manta-soest.de<\/span><\/a><\/p>\n<p><strong>Tennis<br \/>\n<\/strong><a href=\"http:\/\/www.soester-turn-verein.de\">Soester TV<\/a><br \/>\n<a href=\"http:\/\/www.tcbwsoest.de\">Tennisclub Blau-Wei\u00df Soest<\/a><br \/>\nRolf Haake, Postfach 2223, 59482 Soest<br \/>\n<a href=\"http:\/\/www.Ampen.de\">TuS Ampen<\/a><br \/>\nHeinz-J\u00fcrgen Haverland, Werler Landstra\u00dfe 248, 59494 Soest,<br \/>\n<span style=\"color: #000000;\">E-Mail: Haverland.Ampen(at)t-online.de<br \/>\n<\/span><a href=\"http:\/\/www.tv-deiringsen.de\/\">TV Deiringsen<\/a><\/p>\n<p><strong>Tischtennis<br \/>\n<\/strong><a href=\"http:\/\/www.stv-tischtennis.de\">Soester TV<\/a><br \/>\n<a href=\"http:\/\/www.jahnsoest.de\">TuS Jahn Soest<\/a><br \/>\nniestroj(at)tus-jahn-soest.de<\/p>\n<p><strong>Triathlon<\/strong><br \/>\nSoester Tri Team<br \/>\nKatharina Trompeter, 1. Vorsitzende, Simplicissimusweg 22 in 59494 Soest<br \/>\nkatharina.trompeter(at)rub.de<br \/>\n<a href=\"http:\/\/www.soester-tri-team.de\" target=\"_blank\" rel=\"noopener noreferrer\">www.soester-tri-team.de<\/a><\/p>\n<p><strong>Turnen<br \/>\n<\/strong><a href=\"http:\/\/www.tusjahnsoest.de\">TuS Jahn Soest<\/a><br \/>\nniestroj(at)tus-jahn-soest.de<br \/>\n<a href=\"http:\/\/www.wasserfreunde-soest.de\">SV Wasserfreunde Soest<\/a><br \/>\n<a href=\"http:\/\/www.ac-soest.de\">AC Soest<\/a><span style=\"text-decoration: underline;\"><br \/>\n<\/span><a href=\"https:\/\/stvturnen.de\" target=\"_blank\" rel=\"noopener noreferrer\">Soester TV<\/a><br \/>\n<i>Soester Fechterschaft<br \/>\nTV Enkesen-Paradiese<br \/>\nTuS Ampen<br \/>\n<\/i><a href=\"http:\/\/www.gsc-soest.de\">Gymnastik-Sport-Club Soest<br \/>\n<\/a>Gesch\u00e4ftsf\u00fchrer Bruno Scholz, Siegmund-Schultze-Weg 36, 59494 Soest, 02921\/79998, post(at)gsc-soest.de<\/p>\n<p><strong>Volleyball<br \/>\n<\/strong><a href=\"http:\/\/www.soester-turn-verein.de\">Soester TV<\/a><br \/>\n<a href=\"http:\/\/www.Ampen.de\">TuS Ampen<\/a><br \/>\nHeinz-J\u00fcrgen Haverland, Werler Landstra\u00dfe 248, 59494 Soest,<br \/>\n<span style=\"color: #000000;\">E-Mail: Haverland.Ampen(at)t-online.de<br \/>\n<\/span><a href=\"http:\/\/www.ski-klub-soest.de\">Ski-Klub Soest<br \/>\n<\/a>Ingo Timmermann, volleyball(at)ski-klub-soest.de<\/p>\n<p><strong>Wasser- und Trockengymnastik<br \/>\n<\/strong><a href=\"http:\/\/www.kneipp-verein-soest.de\"><i>Kneippverein Soest<\/i><\/a><\/p>\n<p><strong>Yoga<\/strong><\/p>\n<p><a href=\"http:\/\/ski-klub-soest.de\">Ski-Klub Soest<\/a><br \/>\nIngo Timmermann, volleyball(at)ski-klub-soest.de<\/p>\n","protected":false},"excerpt":{"rendered":"<p>Der Stadtsportverband verweist auf seiner Internetseite selbstverst\u00e4ndlich auf seine Mitgliedsvereine, ausgehend von der dem Vorstand aktuell vorliegenden Liste der Vereine und der Vorsitzenden. Aus Sicherheitsgr\u00fcnden wurde bei E-Mail-Adressen der Ansprechpartner das @-Zeichen durch (at) ersetzt. Nat\u00fcrlich ist es auch m\u00f6glich, weitere Links auf Internetseiten der Vereine sowie Ansprechpartner der einzelnen Abteilungen zu nennen. Bei Interesse [&hellip;]<\/p>\n","protected":false},"author":1,"featured_media":0,"parent":0,"menu_order":0,"comment_status":"closed","ping_status":"open","template":"","meta":{"footnotes":""},"class_list":["post-26","page","type-page","status-publish","hentry"],"_links":{"self":[{"href":"http:\/\/stadtsportverbandsoest.de\/index.php?rest_route=\/wp\/v2\/pages\/26","targetHints":{"allow":["GET"]}}],"collection":[{"href":"http:\/\/stadtsportverbandsoest.de\/index.php?rest_route=\/wp\/v2\/pages"}],"about":[{"href":"http:\/\/stadtsportverbandsoest.de\/index.php?rest_route=\/wp\/v2\/types\/page"}],"author":[{"embeddable":true,"href":"http:\/\/stadtsportverbandsoest.de\/index.php?rest_route=\/wp\/v2\/users\/1"}],"replies":[{"embeddable":true,"href":"http:\/\/stadtsportverbandsoest.de\/index.php?rest_route=%2Fwp%2Fv2%2Fcomments&post=26"}],"version-history":[{"count":64,"href":"http:\/\/stadtsportverbandsoest.de\/index.php?rest_route=\/wp\/v2\/pages\/26\/revisions"}],"predecessor-version":[{"id":603,"href":"http:\/\/stadtsportverbandsoest.de\/index.php?rest_route=\/wp\/v2\/pages\/26\/revisions\/603"}],"wp:attachment":[{"href":"http:\/\/stadtsportverbandsoest.de\/index.php?rest_route=%2Fwp%2Fv2%2Fmedia&parent=26"}],"curies":[{"name":"wp","href":"https:\/\/api.w.org\/{rel}","templated":true}]}}